{"id":338,"date":"2021-02-25T15:16:42","date_gmt":"2021-02-25T14:16:42","guid":{"rendered":"https:\/\/skogenbarnehage.no\/?page_id=338"},"modified":"2024-07-31T14:33:29","modified_gmt":"2024-07-31T12:33:29","slug":"ferie","status":"publish","type":"page","link":"https:\/\/skogenbarnehage.no\/?page_id=338","title":{"rendered":"Ferie"},"content":{"rendered":"\t\t<div data-elementor-type=\"wp-page\" data-elementor-id=\"338\" class=\"elementor elementor-338\">\n\t\t\t\t\t\t<section class=\"elementor-section elementor-top-section elementor-element elementor-element-243c3c9 elementor-section-boxed elementor-section-height-default elementor-section-height-default\" data-id=\"243c3c9\" data-element_type=\"section\" data-e-type=\"section\">\n\t\t\t\t\t\t<div class=\"elementor-container elementor-column-gap-default\">\n\t\t\t\t\t<div class=\"elementor-column elementor-col-100 elementor-top-column elementor-element elementor-element-45a7eaf3\" data-id=\"45a7eaf3\" data-element_type=\"column\" data-e-type=\"column\">\n\t\t\t<div class=\"elementor-widget-wrap elementor-element-populated\">\n\t\t\t\t\t\t<div class=\"elementor-element elementor-element-33446d3 elementor-widget elementor-widget-heading\" data-id=\"33446d3\" data-element_type=\"widget\" data-e-type=\"widget\" data-widget_type=\"heading.default\">\n\t\t\t\t<div class=\"elementor-widget-container\">\n\t\t\t\t\t<h2 class=\"elementor-heading-title elementor-size-default\"><p>\n  <span style='color:#428b54'>F<\/span>\n  <span style='color: #d57926'>E<\/span>\n  <span style='color: #95221d'>R<\/span>\n  <span style='color: #428b54'>I<\/span>\n  <span style='color:#d57926'>E<\/span>\n  \n<\/p><\/h2>\t\t\t\t<\/div>\n\t\t\t\t<\/div>\n\t\t\t\t\t<\/div>\n\t\t<\/div>\n\t\t\t\t\t<\/div>\n\t\t<\/section>\n\t\t\t\t<section class=\"elementor-section elementor-top-section elementor-element elementor-element-2fc901f elementor-section-boxed elementor-section-height-default elementor-section-height-default\" data-id=\"2fc901f\" data-element_type=\"section\" data-e-type=\"section\">\n\t\t\t\t\t\t<div class=\"elementor-container elementor-column-gap-default\">\n\t\t\t\t\t<div class=\"elementor-column elementor-col-100 elementor-top-column elementor-element elementor-element-9cb9916\" data-id=\"9cb9916\" data-element_type=\"column\" data-e-type=\"column\">\n\t\t\t<div class=\"elementor-widget-wrap elementor-element-populated\">\n\t\t\t\t\t\t<div class=\"elementor-element elementor-element-74c48b8 elementor-widget elementor-widget-text-editor\" data-id=\"74c48b8\" data-element_type=\"widget\" data-e-type=\"widget\" data-widget_type=\"text-editor.default\">\n\t\t\t\t<div class=\"elementor-widget-container\">\n\t\t\t\t\t\t\t\t\t<p class=\"ingress\">Iht vedtektene skal alle barn ha minst fire uker innmeldt ferie il\u00f8pet av barnehage\u00e5ret. Det er en forutsetning for betalingsfri juli.<\/p><p>I l\u00f8pet av skolens sommerferie skal barna ha 3 sammenhengende uker ferie. 4. uken er valgfri innenfor skolens ferier og kan taes i h\u00f8stferien, vinterferien, sommerferien eller som 5 enkeltdager i jul- eller p\u00e5skeferie.<\/p><p>Ferielapper sendes ut til foreldre i god tid i forveien med svarfrist som bes overholdes.<\/p>\t\t\t\t\t\t\t\t<\/div>\n\t\t\t\t<\/div>\n\t\t\t\t\t<\/div>\n\t\t<\/div>\n\t\t\t\t\t<\/div>\n\t\t<\/section>\n\t\t\t\t<section class=\"elementor-section elementor-top-section elementor-element elementor-element-3bf2460 elementor-section-boxed elementor-section-height-default elementor-section-height-default\" data-id=\"3bf2460\" data-element_type=\"section\" data-e-type=\"section\">\n\t\t\t\t\t\t<div class=\"elementor-container elementor-column-gap-default\">\n\t\t\t\t\t<div class=\"elementor-column elementor-col-100 elementor-top-column elementor-element elementor-element-4aa6a25\" data-id=\"4aa6a25\" data-element_type=\"column\" data-e-type=\"column\">\n\t\t\t<div class=\"elementor-widget-wrap elementor-element-populated\">\n\t\t\t\t\t\t<div class=\"elementor-element elementor-element-814fd1e elementor-widget elementor-widget-image\" data-id=\"814fd1e\" data-element_type=\"widget\" data-e-type=\"widget\" data-widget_type=\"image.default\">\n\t\t\t\t<div class=\"elementor-widget-container\">\n\t\t\t\t\t\t\t\t\t\t\t\t\t\t\t<img fetchpriority=\"high\" decoding=\"async\" width=\"320\" height=\"327\" src=\"https:\/\/skogenbarnehage.no\/wp-content\/uploads\/2021\/02\/927d13f8-b666-4a09-8fa3-d6e8fd7ed3e6.png\" class=\"attachment-large size-large wp-image-341\" alt=\"\" srcset=\"https:\/\/skogenbarnehage.no\/wp-content\/uploads\/2021\/02\/927d13f8-b666-4a09-8fa3-d6e8fd7ed3e6.png 320w, https:\/\/skogenbarnehage.no\/wp-content\/uploads\/2021\/02\/927d13f8-b666-4a09-8fa3-d6e8fd7ed3e6-294x300.png 294w\" sizes=\"(max-width: 320px) 100vw, 320px\" \/>\t\t\t\t\t\t\t\t\t\t\t\t\t\t\t<\/div>\n\t\t\t\t<\/div>\n\t\t\t\t\t<\/div>\n\t\t<\/div>\n\t\t\t\t\t<\/div>\n\t\t<\/section>\n\t\t\t\t<section class=\"elementor-section elementor-top-section elementor-element elementor-element-dbce586 elementor-section-boxed elementor-section-height-default elementor-section-height-default\" data-id=\"dbce586\" data-element_type=\"section\" data-e-type=\"section\">\n\t\t\t\t\t\t<div class=\"elementor-container elementor-column-gap-default\">\n\t\t\t\t\t<div class=\"elementor-column elementor-col-100 elementor-top-column elementor-element elementor-element-6134ed9\" data-id=\"6134ed9\" data-element_type=\"column\" data-e-type=\"column\">\n\t\t\t<div class=\"elementor-widget-wrap\">\n\t\t\t\t\t\t\t<\/div>\n\t\t<\/div>\n\t\t\t\t\t<\/div>\n\t\t<\/section>\n\t\t\t\t<\/div>\n\t\t","protected":false},"excerpt":{"rendered":"<p>F E R I E Iht vedtektene skal alle barn ha minst fire uker innmeldt ferie il\u00f8pet av barnehage\u00e5ret. Det er en forutsetning for betalingsfri juli. I l\u00f8pet av skolens sommerferie skal barna ha 3 sammenhengende uker ferie. 4. uken er valgfri innenfor skolens ferier og kan taes i h\u00f8stferien, vinterferien, sommerferien eller som 5 [&hellip;]<\/p>\n","protected":false},"author":1,"featured_media":0,"parent":0,"menu_order":0,"comment_status":"closed","ping_status":"closed","template":"elementor_header_footer","meta":{"footnotes":""},"class_list":["post-338","page","type-page","status-publish","hentry"],"_links":{"self":[{"href":"https:\/\/skogenbarnehage.no\/index.php?rest_route=\/wp\/v2\/pages\/338","targetHints":{"allow":["GET"]}}],"collection":[{"href":"https:\/\/skogenbarnehage.no\/index.php?rest_route=\/wp\/v2\/pages"}],"about":[{"href":"https:\/\/skogenbarnehage.no\/index.php?rest_route=\/wp\/v2\/types\/page"}],"author":[{"embeddable":true,"href":"https:\/\/skogenbarnehage.no\/index.php?rest_route=\/wp\/v2\/users\/1"}],"replies":[{"embeddable":true,"href":"https:\/\/skogenbarnehage.no\/index.php?rest_route=%2Fwp%2Fv2%2Fcomments&post=338"}],"version-history":[{"count":13,"href":"https:\/\/skogenbarnehage.no\/index.php?rest_route=\/wp\/v2\/pages\/338\/revisions"}],"predecessor-version":[{"id":1317,"href":"https:\/\/skogenbarnehage.no\/index.php?rest_route=\/wp\/v2\/pages\/338\/revisions\/1317"}],"wp:attachment":[{"href":"https:\/\/skogenbarnehage.no\/index.php?rest_route=%2Fwp%2Fv2%2Fmedia&parent=338"}],"curies":[{"name":"wp","href":"https:\/\/api.w.org\/{rel}","templated":true}]}}