{"id":324,"date":"2021-02-25T14:33:55","date_gmt":"2021-02-25T13:33:55","guid":{"rendered":"https:\/\/skogenbarnehage.no\/?page_id=324"},"modified":"2025-07-02T14:34:14","modified_gmt":"2025-07-02T12:34:14","slug":"foreldrebetaling","status":"publish","type":"page","link":"https:\/\/skogenbarnehage.no\/?page_id=324","title":{"rendered":"Foreldrebetaling"},"content":{"rendered":"\t\t<div data-elementor-type=\"wp-page\" data-elementor-id=\"324\" class=\"elementor elementor-324\">\n\t\t\t\t\t\t<section class=\"elementor-section elementor-top-section elementor-element elementor-element-6fb0fc13 elementor-section-boxed elementor-section-height-default elementor-section-height-default\" data-id=\"6fb0fc13\" data-element_type=\"section\" data-e-type=\"section\">\n\t\t\t\t\t\t<div class=\"elementor-container elementor-column-gap-default\">\n\t\t\t\t\t<div class=\"elementor-column elementor-col-100 elementor-top-column elementor-element elementor-element-227d4c29\" data-id=\"227d4c29\" data-element_type=\"column\" data-e-type=\"column\">\n\t\t\t<div class=\"elementor-widget-wrap elementor-element-populated\">\n\t\t\t\t\t\t<div class=\"elementor-element elementor-element-39686f4 elementor-widget elementor-widget-heading\" data-id=\"39686f4\" data-element_type=\"widget\" data-e-type=\"widget\" data-widget_type=\"heading.default\">\n\t\t\t\t<div class=\"elementor-widget-container\">\n\t\t\t\t\t<h2 class=\"elementor-heading-title elementor-size-default\"><p>\n  <span style='color:#428b54'>F<\/span>\n  <span style='color: #d57926'>O<\/span>\n  <span style='color: #95221d'>R<\/span>\n  <span style='color: #428b54'>E<\/span>\n  <span style='color:#d57926'>L<\/span>\n  <span style='color: #95221d'>D<\/span>\n\n\n\n  <span style='color: #428b54'>R<\/span>\n\n  <span style='color: #d57926'>E<\/span>\n\n\n  <span style='color: #95221d'>B<\/span>\n\n\n<span style='color: #428b54'>E<\/span>\n  \n\n<span style='color: #d57926'>T<\/span>\n\n\n<span style='color: #95221d'>A<\/span>\n\n<span style='color: #428b54'>L<\/span>\n\n\n  <span style='color: #d57926'>I<\/span>\n\n\n  <span style='color: #95221d'>N<\/span>\n\n\n<span style='color: #428b54'>G<\/span>\n\n<\/p><\/h2>\t\t\t\t<\/div>\n\t\t\t\t<\/div>\n\t\t\t\t\t<\/div>\n\t\t<\/div>\n\t\t\t\t\t<\/div>\n\t\t<\/section>\n\t\t\t\t<section class=\"elementor-section elementor-top-section elementor-element elementor-element-14dba4c elementor-section-boxed elementor-section-height-default elementor-section-height-default\" data-id=\"14dba4c\" data-element_type=\"section\" data-e-type=\"section\">\n\t\t\t\t\t\t<div class=\"elementor-container elementor-column-gap-default\">\n\t\t\t\t\t<div class=\"elementor-column elementor-col-100 elementor-top-column elementor-element elementor-element-771e179\" data-id=\"771e179\" data-element_type=\"column\" data-e-type=\"column\">\n\t\t\t<div class=\"elementor-widget-wrap elementor-element-populated\">\n\t\t\t\t\t\t<div class=\"elementor-element elementor-element-60e15c0 elementor-widget elementor-widget-text-editor\" data-id=\"60e15c0\" data-element_type=\"widget\" data-e-type=\"widget\" data-widget_type=\"text-editor.default\">\n\t\t\t\t<div class=\"elementor-widget-container\">\n\t\t\t\t\t\t\t\t\t<p>Foreldrebetalingen f\u00f8lger <a href=\"https:\/\/www.udir.no\/regelverk-og-tilsyn\/barnehage\/foreldrebetaling\/\"><strong>stortingets vedtak om makspris<\/strong><\/a> (pr 1.8.2025) og er p\u00e5 kr 1200,- pr md. Det betales for 11 md pr \u00e5r der juli er betalingsfri m\u00e5ned.&nbsp;&nbsp;<\/p>\n<p>Kostpenger for hel plass kommer i tillegg og er kr 430, pr md. Dette inkluderer da frokost, lunsj og fruktm\u00e5ltid hver dag. To ganger i uken serveres varm lunsj.&nbsp;&nbsp;<\/p>\n<p>Ved endringer i makspris eller kostpenger vil dette bli tatt opp i SU og informert om.<\/p>\n<p>Oppsigelsestid p\u00e5 barnehageplassen er 2 mnd fra oppsigelsesdato. Oppsigelsen m\u00e5 v\u00e6re skriftlig. Sendes p\u00e5 mail&nbsp; til styrer@skogenbarnehage.no.<\/p>\n<p>Forfall p\u00e5 foreldrebetaling er forskuddsvis den 1. hver mnd. Det p\u00e5l\u00f8per et purregebyr p\u00e5 kr 67,- ved for sen betaling. Purring blir sendt ut etter 7 dager<\/p><p>&nbsp;overskridelse av forfallsdato.<\/p>\t\t\t\t\t\t\t\t<\/div>\n\t\t\t\t<\/div>\n\t\t\t\t\t<\/div>\n\t\t<\/div>\n\t\t\t\t\t<\/div>\n\t\t<\/section>\n\t\t\t\t<\/div>\n\t\t","protected":false},"excerpt":{"rendered":"<p>F O R E L D R E B E T A L I N G Foreldrebetalingen f\u00f8lger stortingets vedtak om makspris (pr 1.8.2025) og er p\u00e5 kr 1200,- pr md. Det betales for 11 md pr \u00e5r der juli er betalingsfri m\u00e5ned.&nbsp;&nbsp; Kostpenger for hel plass kommer i tillegg og er kr 430, pr [&hellip;]<\/p>\n","protected":false},"author":1,"featured_media":0,"parent":0,"menu_order":0,"comment_status":"closed","ping_status":"closed","template":"elementor_header_footer","meta":{"footnotes":""},"class_list":["post-324","page","type-page","status-publish","hentry"],"_links":{"self":[{"href":"https:\/\/skogenbarnehage.no\/index.php?rest_route=\/wp\/v2\/pages\/324","targetHints":{"allow":["GET"]}}],"collection":[{"href":"https:\/\/skogenbarnehage.no\/index.php?rest_route=\/wp\/v2\/pages"}],"about":[{"href":"https:\/\/skogenbarnehage.no\/index.php?rest_route=\/wp\/v2\/types\/page"}],"author":[{"embeddable":true,"href":"https:\/\/skogenbarnehage.no\/index.php?rest_route=\/wp\/v2\/users\/1"}],"replies":[{"embeddable":true,"href":"https:\/\/skogenbarnehage.no\/index.php?rest_route=%2Fwp%2Fv2%2Fcomments&post=324"}],"version-history":[{"count":16,"href":"https:\/\/skogenbarnehage.no\/index.php?rest_route=\/wp\/v2\/pages\/324\/revisions"}],"predecessor-version":[{"id":1531,"href":"https:\/\/skogenbarnehage.no\/index.php?rest_route=\/wp\/v2\/pages\/324\/revisions\/1531"}],"wp:attachment":[{"href":"https:\/\/skogenbarnehage.no\/index.php?rest_route=%2Fwp%2Fv2%2Fmedia&parent=324"}],"curies":[{"name":"wp","href":"https:\/\/api.w.org\/{rel}","templated":true}]}}